{"id":4834,"date":"2024-11-04T14:12:19","date_gmt":"2024-11-04T14:12:19","guid":{"rendered":"https:\/\/metropolsaglik.com\/hekim\/uzm-dr-zafer-ayda-ozbek\/"},"modified":"2024-11-04T14:12:19","modified_gmt":"2024-11-04T14:12:19","slug":"uzm-dr-zafer-ayda-ozbek","status":"publish","type":"hekim","link":"https:\/\/metropolsaglik.com\/en\/physician\/uzm-dr-zafer-ayda-ozbek\/","title":{"rendered":"Uzm. Dr. Zafer Ayda \u00d6ZBEK"},"content":{"rendered":"<h4><strong>PROFESSIONAL EXPERIENCE<\/strong><\/h4>\n<p>1993-1998 Tepecik Training and Research Hospital Research Assistant<\/p>\n<p>1998-2000 \u00d6demi\u015f State Hospital<\/p>\n<p>2000-2003 Sinop Boyabat State Hospital<\/p>\n<p>2003-2006 \u00fct\u00e7\u00fc \u0130mam University Assistant Professor<\/p>\n<p>2006-2012 Aksaray State Hospital<\/p>\n<p>2012-2016 Cigli State Hospital<\/p>\n<p>2016-2020 Cigli Regional Training and Research Hospital<\/p>\n<p>2020- Currently Metropol Health Group \u015eemikler Medical Center<\/p>\n<h4><strong>MEDICAL AREAS OF INTEREST<\/strong><\/h4>\n<p>Newborn health and diseases<\/p>\n<p>Allergic diseases in children<\/p>\n<p>0-18 Age development vaccine follow-up<\/p>\n<p>Growth and development retardation<\/p>\n<p>Febrile pediatric diseases<\/p>\n<p>Obesity<\/p>\n","protected":false},"featured_media":4366,"template":"","meta":{"_acf_changed":false,"pgc_sgb_lightbox_settings":""},"birim":["Pediatrics Clinic"],"merkez":["Metropol \u015eemikler Medical Center"],"class_list":["post-4834","hekim","type-hekim","status-publish","has-post-thumbnail","hentry","birim-pediatrics-clinic","merkez-metropol-semikler-medical-center"],"acf":{"bolum":"Child Health and Diseases","on_yazi":"<strong>SCHOOL AND YEAR OF GRADUATION<\/strong>\n\nE\u011fe University Faculty of Medicine, 1993\n\n<strong>SCHOOL AND YEAR OF SPECIALIZATION<\/strong>\n\nTepecik Training and Research Hospital 1998","video_bolumunu_goster":null,"video_metini":null,"video_url":null,"video_url_2":null,"video_url_3":null,"video_url_4":null,"video_url_5":null,"video_url_6":null},"thumbnail_url":"https:\/\/metropolsaglik.com\/wp-content\/uploads\/2024\/11\/zafer-ayda-ozbek.jpg","_links":{"self":[{"href":"https:\/\/metropolsaglik.com\/en\/wp-json\/wp\/v2\/hekimler\/4834","targetHints":{"allow":["GET"]}}],"collection":[{"href":"https:\/\/metropolsaglik.com\/en\/wp-json\/wp\/v2\/hekimler"}],"about":[{"href":"https:\/\/metropolsaglik.com\/en\/wp-json\/wp\/v2\/types\/hekim"}],"version-history":[{"count":0,"href":"https:\/\/metropolsaglik.com\/en\/wp-json\/wp\/v2\/hekimler\/4834\/revisions"}],"wp:featuredmedia":[{"embeddable":true,"href":"https:\/\/metropolsaglik.com\/en\/wp-json\/wp\/v2\/media\/4366"}],"wp:attachment":[{"href":"https:\/\/metropolsaglik.com\/en\/wp-json\/wp\/v2\/media?parent=4834"}],"wp:term":[{"taxonomy":"birim","embeddable":true,"href":"https:\/\/metropolsaglik.com\/en\/wp-json\/wp\/v2\/birim?post=4834"},{"taxonomy":"merkez","embeddable":true,"href":"https:\/\/metropolsaglik.com\/en\/wp-json\/wp\/v2\/merkez?post=4834"}],"curies":[{"name":"wp","href":"https:\/\/api.w.org\/{rel}","templated":true}]}}

Uzm. Dr. Zafer Ayda ÖZBEK

<h4><strong>PROFESSIONAL EXPERIENCE</strong></h4>
<p>1993-1998 Tepecik Training and Research Hospital Research Assistant</p>
<p>1998-2000 Ödemiş State Hospital</p>
<p>2000-2003 Sinop Boyabat State Hospital</p>
<p>2003-2006 ütçü İmam University Assistant Professor</p>
<p>2006-2012 Aksaray State Hospital</p>
<p>2012-2016 Cigli State Hospital</p>
<p>2016-2020 Cigli Regional Training and Research Hospital</p>
<p>2020- Currently Metropol Health Group Şemikler Medical Center</p>
<h4><strong>MEDICAL AREAS OF INTEREST</strong></h4>
<p>Newborn health and diseases</p>
<p>Allergic diseases in children</p>
<p>0-18 Age development vaccine follow-up</p>
<p>Growth and development retardation</p>
<p>Febrile pediatric diseases</p>
<p>Obesity</p>

Metropol Şemikler Medical Center

<strong>SCHOOL AND YEAR OF GRADUATION</strong>

Eğe University Faculty of Medicine, 1993

<strong>SCHOOL AND YEAR OF SPECIALIZATION</strong>

Tepecik Training and Research Hospital 1998
