{"id":6554,"date":"2026-01-09T09:16:14","date_gmt":"2026-01-09T06:16:14","guid":{"rendered":"https:\/\/metropolsaglik.com\/hekim\/op-dr-demet-agras\/"},"modified":"2026-01-09T09:36:28","modified_gmt":"2026-01-09T06:36:28","slug":"op-dr-demet-agras","status":"publish","type":"hekim","link":"https:\/\/metropolsaglik.com\/en\/physician\/op-dr-demet-agras\/","title":{"rendered":"Op.Dr. Demet A\u011fras"},"content":{"rendered":"<p>Between 1997 and 2002, I completed my residency at the Ege University Faculty of Medicine, Department of General Surgery. During my residency, I learned the treatment of all diseases related to general surgery. I noticed that female patients tended to delay treatment because they were embarrassed about examinations of the anal region. Consequently, I took a closer interest in the treatment of anorectal diseases, which fall under the branch of proctology.<\/p>\n<p>After completing my residency, I worked as a General Surgery Specialist at Bergama State Hospital for 8 years, between 2002 and 2010. After 2010, I served at Private Metropol Medical Center, Private Gazikent Medical Center, and Private \u00c7ankaya Medical Center, all located in \u0130zmir. Since October 2016, I have been working as a proctologist (specialist in rectal diseases) at my private practice in Alsancak.<\/p>\n<p>Throughout my career, among the dozens of diseases falling under general surgery, I have focused on those within the field of proctology (which deals with anal region diseases), such as:<\/p>\n<ul>\n<li>Hemorrhoids (piles)<\/li>\n<li>Fissure (anal crack\/tear)<\/li>\n<li>Fistula (a hole near the anus causing continuous discharge)<\/li>\n<li>Pilonidal sinus (ingrown hair); outpatient surgeries such as microsinusectomy, Bascom, pit picking, and Karydakis<\/li>\n<li>Condyloma (anal warts)<\/li>\n<li>Polyps (protrusions in the anogenital region and rectum)<\/li>\n<li>Anal aesthetic surgeries<\/li>\n<li>Non-surgical treatment of all types of moles on the face and body<\/li>\n<li>Corns\/Calluses<\/li>\n<li>Lipoma (fatty lumps)<\/li>\n<\/ul>\n","protected":false},"featured_media":6555,"template":"","meta":{"_acf_changed":false,"pgc_sgb_lightbox_settings":""},"birim":["General Surgery"],"merkez":["Metropol Hospital","Metropol Karsiyaka Medical Center"],"class_list":["post-6554","hekim","type-hekim","status-publish","has-post-thumbnail","hentry","birim-general-surgery","merkez-metropol-hospital","merkez-metropol-karsiyaka-medical-center"],"acf":{"bolum":"Genel Cerrahi","on_yazi":"<p>I was born in \u0130zmir in 1973. I attended primary school at Kar\u015f\u0131yaka Kenan Gams\u0131z Primary School, and completed my middle and high school education at Kar\u015f\u0131yaka High School. I graduated from Ege University Faculty of Medicine in 1996, having entered in 1991 immediately after finishing high school.<\/p>\n","video_bolumunu_goster":false,"video_metini":"R\u00f6portaj Videolar\u0131","video_url":"","video_url_2":"","video_url_3":"","video_url_4":"","video_url_5":"","video_url_6":""},"thumbnail_url":"https:\/\/metropolsaglik.com\/wp-content\/uploads\/2026\/01\/demet-agras-genel-cerrahi.jpg","_links":{"self":[{"href":"https:\/\/metropolsaglik.com\/en\/wp-json\/wp\/v2\/hekimler\/6554","targetHints":{"allow":["GET"]}}],"collection":[{"href":"https:\/\/metropolsaglik.com\/en\/wp-json\/wp\/v2\/hekimler"}],"about":[{"href":"https:\/\/metropolsaglik.com\/en\/wp-json\/wp\/v2\/types\/hekim"}],"version-history":[{"count":1,"href":"https:\/\/metropolsaglik.com\/en\/wp-json\/wp\/v2\/hekimler\/6554\/revisions"}],"predecessor-version":[{"id":6556,"href":"https:\/\/metropolsaglik.com\/en\/wp-json\/wp\/v2\/hekimler\/6554\/revisions\/6556"}],"wp:featuredmedia":[{"embeddable":true,"href":"https:\/\/metropolsaglik.com\/en\/wp-json\/wp\/v2\/media\/6555"}],"wp:attachment":[{"href":"https:\/\/metropolsaglik.com\/en\/wp-json\/wp\/v2\/media?parent=6554"}],"wp:term":[{"taxonomy":"birim","embeddable":true,"href":"https:\/\/metropolsaglik.com\/en\/wp-json\/wp\/v2\/birim?post=6554"},{"taxonomy":"merkez","embeddable":true,"href":"https:\/\/metropolsaglik.com\/en\/wp-json\/wp\/v2\/merkez?post=6554"}],"curies":[{"name":"wp","href":"https:\/\/api.w.org\/{rel}","templated":true}]}}

Op.Dr. Demet Ağras

<p>Between 1997 and 2002, I completed my residency at the Ege University Faculty of Medicine, Department of General Surgery. During my residency, I learned the treatment of all diseases related to general surgery. I noticed that female patients tended to delay treatment because they were embarrassed about examinations of the anal region. Consequently, I took a closer interest in the treatment of anorectal diseases, which fall under the branch of proctology.</p>
<p>After completing my residency, I worked as a General Surgery Specialist at Bergama State Hospital for 8 years, between 2002 and 2010. After 2010, I served at Private Metropol Medical Center, Private Gazikent Medical Center, and Private Çankaya Medical Center, all located in İzmir. Since October 2016, I have been working as a proctologist (specialist in rectal diseases) at my private practice in Alsancak.</p>
<p>Throughout my career, among the dozens of diseases falling under general surgery, I have focused on those within the field of proctology (which deals with anal region diseases), such as:</p>
<ul>
<li>Hemorrhoids (piles)</li>
<li>Fissure (anal crack/tear)</li>
<li>Fistula (a hole near the anus causing continuous discharge)</li>
<li>Pilonidal sinus (ingrown hair); outpatient surgeries such as microsinusectomy, Bascom, pit picking, and Karydakis</li>
<li>Condyloma (anal warts)</li>
<li>Polyps (protrusions in the anogenital region and rectum)</li>
<li>Anal aesthetic surgeries</li>
<li>Non-surgical treatment of all types of moles on the face and body</li>
<li>Corns/Calluses</li>
<li>Lipoma (fatty lumps)</li>
</ul>

<p>I was born in İzmir in 1973. I attended primary school at Karşıyaka Kenan Gamsız Primary School, and completed my middle and high school education at Karşıyaka High School. I graduated from Ege University Faculty of Medicine in 1996, having entered in 1991 immediately after finishing high school.</p>

Röportaj Videoları
